actor of u and 117?
39
Suppose 4*k = -5*g + 1140, -6*k + 1688 = -g + 3*g. Calculate the greatest common factor of k and 196.
28
Suppose -3*k - 4*d + 48 = -4*k, -4*k - 292 = 4*d. Let m = -35 - k. What is the greatest common factor of m and 99?
33
Let m(q) = -3*q - q + 268 - 23 - 45. Let o be m(0). What is the highest common factor of o and 25?
25
Let c(b) = b + 15. Let h be c(-8). Suppose -30 = -v + 75. Calculate the greatest common factor of v and h.
7
Suppose -341 = -2*g + 4*t + 71, -3*g - 3*t + 573 = 0. Calculate the highest common divisor of g and 56.
28
Let l be 2/(-4)*(-14 - -8). Let o(t) = -3*t**3 - 92 + 7*t + 93 - 6*t**2 + 4*t**l. Let r be o(5). Calculate the greatest common factor of r and 55.
11
Let p be (2 + 12)/2 + -3. Calculate the greatest common divisor of 172 and p.
4
Suppose 56*k + 384 = 60*k. Calculate the greatest common factor of k and 6.
6
Let o = 699 + -657. Calculate the highest common divisor of 154 and o.
14
Let j be ((-204)/(-10))/((-6)/30). Let y = -85 - j. Calculate the highest common divisor of y and 136.
17
Suppose 6*d - 27 = 3*d + 3*j, -j - 33 = -4*d. Suppose 8*k - d = 16. What is the greatest common divisor of k and 21?
3
Suppose -7*y + 3*y = 5*g - 1176, -y - g + 293 = 0. Calculate the greatest common factor of 17 and y.
17
Let v = -281 - -303. Let i = 11 + -8. Suppose -i*z + 4*r = -z - 62, -35 = -z - 2*r. Calculate the greatest common divisor of z and v.
11
Let g(v) be the third derivative of -v**4/8 - 2*v**3/3 + v**2. Let c be g(-5). Let y = 549 + -450. What is the highest common factor of c and y?
11
Let n(q) = q**2 + 17*q - 16. Let p be n(-17). Let z be (20/p)/(5/(-100)). Calculate the highest common divisor of 275 and z.
25
Suppose -2*m - 5*j = -7, -11*j + 69 = 4*m - 12*j. Suppose -p + 2 = -1. Let r be 80 + -1*(p - 3). What is the greatest common divisor of r and m?
16
Suppose 3*v - 4*h = -v + 196, 0 = -h - 1. Let w = -7 + 13. Calculate the greatest common divisor of w and v.
6
Let h be (-2)/(-2)*(2 + -2)/(-1). Suppose 0 = -6*z + z - a + 100, 4*z - a - 80 = h. Calculate the greatest common factor of 10 and z.
10
Let w(a) = -72*a + 27. Let r be w(2). Let t = r - -121. Calculate the highest common factor of t and 68.
4
Let n be 4 - (9/3 - 1). Suppose s = -5*v + 37, -5*v = 2*s + n*s - 73. What is the highest common divisor of s and 48?
12
Let q = 33 - 40. Let j = 33 - q. What is the highest common factor of 160 and j?
40
Suppose -44 = -2*n + 40. Let a(m) = -9*m + 3. Let l be a(-2). Calculate the highest common divisor of l and n.
21
Let n be (-4)/(125/(-115) - (-12 + 11)). Suppose -3*d + 230 = -d. What is the greatest common divisor of n and d?
23
Suppose -4*a + 24 = -l, 0 = a + 5*l - 3*l - 15. Let q(t) = 5*t**3 - 18*t**2 + 9*t - 19. Let i be q(4). What is the highest common factor of a and i?
7
Let o(f) = -f**3 - f**2 + 1. Let a be o(2). Let q = 10 + a. Let h be (-14)/(-2) + (-2)/q. Calculate the highest common factor of h and 6.
3
Suppose -2*m + v + 34 = -0*v, 4*m + 4*v - 68 = 0. Let l be (-6)/(-24) + 21/12. Let f be (-1 + l)/(1/68). What is the greatest common factor of f and m?
17
Let r be (-315)/(-12) - 2/8. Suppose 6*j + 26 = -28. Let i be (-1 - -24) + (-27)/j. What is the greatest common factor of i and r?
26
Let q = 1 + 2. Suppose 1012 = q*b + b. Let y = -51 + 74. Calculate the greatest common factor of b and y.
23
Let w be -550*(144/40)/(-9). What is the highest common factor of 80 and w?
20
Let n = -98 + 208. Let m = 59 - 41. Suppose m + 12 = 3*w. Calculate the greatest common divisor of w and n.
10
Suppose z - 6 = -2*z. Let o = 54 - 52. What is the greatest common divisor of z and o?
2
Let d(i) = i**3 - 6*i**2 + 7*i + 2. Let x be d(5). Let s(t) = 2*t - 19. Let r = -14 - -25. Let n be s(r). Calculate the highest common factor of n and x.
3
Let h = -780 + 100. Let c be 4/18 + h/(-18). Suppose -2*o - j = -c, 9*o + 2*j = 4*o + 96. What is the highest common divisor of o and 50?
10
Suppose -22*y + 514 = -586. Calculate the greatest common divisor of y and 40.
10
Let o = 17 - 15. Suppose -2*i - o*k = -80, 5*i + 3*k + k - 198 = 0. What is the greatest common divisor of 114 and i?
38
Suppose 5*l = 111 + 89. Calculate the highest common divisor of 8 and l.
8
Suppose 5*z = 3*z + 70. Let y be ((-2)/(-5))/(1/z). Let d be ((-3)/3)/(2/(-70)). Calculate the greatest common divisor of d and y.
7
Suppose -3*d + 28 = d. Let l = 34 - 13. What is the greatest common factor of d and l?
7
Let d(m) = -m**3 + 59*m**2 + 35*m - 40. Let s be d(59). Calculate the greatest common factor of s and 270.
135
Suppose -2*i + 0*i + 255 = 3*c, 695 = 5*i - 4*c. Suppose 17*h - 120 = 13*h. Let n = 45 - h. Calculate the greatest common divisor of n and i.
15
Suppose 17*d = 20*d - 4*n - 7, 5*d = -3*n + 2. Let u be 5*(-2)/(-8)*4. What is the greatest common factor of u and d?
1
Let f(o) = o**2 - 8*o - 18. Let i be f(10). Suppose -w = -i*w + 3. Calculate the greatest common factor of 39 and w.
3
Suppose -2*k + 0*g + 34 = 4*g, 5*k + 5*g = 80. Suppose -3*y = -3 + k. Let s be y/14 - 64/(-28). Calculate the greatest common factor of 5 and s.
1
Let d be 1*5/(-10)*-32. Suppose 0 = -4*h - 5*z + 298 + 234, -4*h - 3*z = -524. Calculate the highest common factor of d and h.
16
Suppose -178 = -3*t + 4*x, x = -5*t - 18 + 307. Calculate the highest common divisor of t and 145.
29
Let x = 1 - 1. Suppose -3*f + 218 - 56 = x. Let p = f + -25. What is the highest common divisor of p and 232?
29
Suppose y - 1 = 3*u - 2, 2*y - 5*u + 1 = 0. Suppose -3*v + 2*v = -y. Let h be -2*(28/(-8) + 2). Calculate the highest common divisor of h and v.
1
Let y be 4/(-22) + (-4020)/(-330). Suppose q = -0*q + 72. Calculate the greatest common divisor of y and q.
12
Let z be (8 - 10) + 52 - 2. Let d = -135 + 219. Calculate the highest common divisor of d and z.
12
Suppose 678 = -4*h + 2*n, n - 6*n - 197 = h. Let c = 9 + -15. Let z be h/c + 6/(-9). Calculate the greatest common factor of 7 and z.
7
Suppose -5*z - 4 - 26 = 0. Suppose -5*w - 320 = -4*a, 0*w + a + 128 = -2*w. Let t be w/z*9/6. What is the greatest common divisor of t and 24?
8
Let d(x) = -x**3 + x**2 + 4*x. Suppose -3*c = -2*o + o - 7, 4*o + 48 = 2*c. Let q = 10 + o. Let n be d(q). Calculate the highest common divisor of 8 and n.
8
Suppose -3*t + 95 + 52 = 0. Suppose -2*k - 5*a = -9, -16 = -5*a - 21. What is the highest common factor of k and t?
7
Let m = 1427 - 1284. What is the highest common factor of m and 1573?
143
Let q = 142 + -139. Let y = -3 + 6. Suppose 0 = c - 5, 0 = y*p - q*c + 8*c - 70. Calculate the highest common divisor of p and 3.
3
Let d(z) = z**2 - 3*z - 61. Let l be d(-8). Calculate the highest common factor of 144 and l.
9
Suppose 0 = -41*x + 36*x + 20. Let v be (-3)/2*8/(-3). What is the highest common divisor of x and v?
4
Suppose -2*p - 16 = -11 - 41. Suppose -2*v = 3*r - 3, -4*r + 5*r = 5*v - 16. Let y = 37 + r. Calculate the highest common factor of p and y.
18
Suppose 2*i + 275 = -5*q + 2*q, -4*i = 4*q + 364. Let z = q - -118. Let f(m) = 2*m**2 - 2*m - 2. Let x be f(3). What is the greatest common divisor of x and z?
5
Let q(d) = 35*d - 15. Suppose -14*p = -2*p - 36. Let m be q(p). Calculate the greatest common factor of m and 30.
30
Suppose 0 = -d + 5 + 5. Let y = -6 + d. Suppose 14 + y = v. What is the greatest common divisor of v and 18?
18
Let l = 269 + -265. What is the greatest common divisor of 116 and l?
4
Let h be (7/2)/(1/2). Let d(o) = -o - 7. Let j(u) = 3. Let q(l) = -4*d(l) - 14*j(l). Let a be q(h). What is the greatest common divisor of 7 and a?
7
Let j(i) = -11*i + 2. Let x be j(3). Let d = x + 96. What is the highest common divisor of 13 and d?
13
Let g = -408 + 412. Let v = 12 + 10. Suppose -g*z + v = -3*z. What is the highest common divisor of z and 154?
22
Let p(v) = -v**2 + 18*v + 816. Let h be p(-20). Suppose 3*n - a - 420 = a, 4*n - 560 = -5*a. Calculate the highest common factor of n and h.
28
Let v(o) = 10*o**2. Let l be v(-1). Suppose 4*k = l + 10. Suppose -g + k*c + 18 = 0, g = 6*g + 4*c - 90. What is the highest common divisor of 27 and g?
9
Let u = 197 + -133. What is the highest common divisor of u and 16?
16
Let h(g) = -g**3 + 156. Let m be h(0). Suppose 40 = 2*j - y, 4*y + 88 = 4*j + 6*y. Let z = 47 - j. What is the highest common divisor of m and z?
26
